{"id":118,"date":"2016-12-11T22:42:37","date_gmt":"2016-12-11T21:42:37","guid":{"rendered":"http:\/\/lyceemauriac.fr\/?page_id=118"},"modified":"2025-05-06T10:30:58","modified_gmt":"2025-05-06T08:30:58","slug":"presentation-de-la-s","status":"publish","type":"page","link":"https:\/\/lyceemauriac.fr\/index.php\/vie-du-lycee\/association-sportive\/presentation-de-la-s\/","title":{"rendered":"Pr\u00e9sentation de l&rsquo;A.S."},"content":{"rendered":"<p>L&rsquo;Association Sportive du lyc\u00e9e Fran\u00e7ois Mauriac offre la possibilit\u00e9 aux licenci\u00e9s de venir pratiquer les activit\u00e9s propos\u00e9es, parfois entre midi et deux, ou le plus souvent, le mercredi apr\u00e8s midi.<\/p>\n<p>Les activit\u00e9s sont encadr\u00e9es par un enseignant et aboutissent \u00e0 la pr\u00e9sentation d&rsquo;\u00e9quipes en comp\u00e9tition.<\/p>\n<p>Pour adh\u00e9rer \u00e0 l&rsquo;Association sportive, il est n\u00e9cessaire de fournir un ch\u00e8que de 20\u20ac libell\u00e9 \u00e0 l&rsquo;Association sportive du lyc\u00e9e Fran\u00e7ois Mauriac et la fiche d&rsquo;<a href=\"https:\/\/drive.google.com\/file\/d\/1miiSbKpvm6drhqGhP8DSSdwGm7ZePpII\/view?usp=drive_link\">inscription remplie<\/a> et sign\u00e9e par les parents. Pour le rugby, un certificat m\u00e9dical est n\u00e9cessaire.<\/p>\n<p>&nbsp;<\/p>\n<p>Mercredi entre 12h00 \u2013 16h30 :<\/p>\n<p>Badminton<\/p>\n<p>Basket<\/p>\n<p>Futsal<\/p>\n<p>Handball<\/p>\n<p>Musculation &#8211; Circuit training<\/p>\n<p>Raid &#8211; CO &#8211; Bike en run<\/p>\n<p>Volley<\/p>\n<p>COMPETITIONS toutes activit\u00e9s sur convocation<\/p>\n","protected":false},"excerpt":{"rendered":"<p>L&rsquo;Association Sportive du lyc\u00e9e Fran\u00e7ois Mauriac offre la possibilit\u00e9 aux licenci\u00e9s de venir pratiquer les activit\u00e9s propos\u00e9es, parfois entre midi et deux, ou le plus souvent, le mercredi apr\u00e8s midi. Les activit\u00e9s sont encadr\u00e9es par un enseignant et aboutissent \u00e0 la pr\u00e9sentation d&rsquo;\u00e9quipes en comp\u00e9tition. Pour adh\u00e9rer \u00e0 l&rsquo;Association sportive, il est n\u00e9cessaire de fournir [&hellip;]<\/p>\n","protected":false},"author":2,"featured_media":0,"parent":1440,"menu_order":0,"comment_status":"closed","ping_status":"closed","template":"","meta":{"footnotes":""},"class_list":["post-118","page","type-page","status-publish","hentry"],"_links":{"self":[{"href":"https:\/\/lyceemauriac.fr\/index.php\/wp-json\/wp\/v2\/pages\/118","targetHints":{"allow":["GET"]}}],"collection":[{"href":"https:\/\/lyceemauriac.fr\/index.php\/wp-json\/wp\/v2\/pages"}],"about":[{"href":"https:\/\/lyceemauriac.fr\/index.php\/wp-json\/wp\/v2\/types\/page"}],"author":[{"embeddable":true,"href":"https:\/\/lyceemauriac.fr\/index.php\/wp-json\/wp\/v2\/users\/2"}],"replies":[{"embeddable":true,"href":"https:\/\/lyceemauriac.fr\/index.php\/wp-json\/wp\/v2\/comments?post=118"}],"version-history":[{"count":7,"href":"https:\/\/lyceemauriac.fr\/index.php\/wp-json\/wp\/v2\/pages\/118\/revisions"}],"predecessor-version":[{"id":12213,"href":"https:\/\/lyceemauriac.fr\/index.php\/wp-json\/wp\/v2\/pages\/118\/revisions\/12213"}],"up":[{"embeddable":true,"href":"https:\/\/lyceemauriac.fr\/index.php\/wp-json\/wp\/v2\/pages\/1440"}],"wp:attachment":[{"href":"https:\/\/lyceemauriac.fr\/index.php\/wp-json\/wp\/v2\/media?parent=118"}],"curies":[{"name":"wp","href":"https:\/\/api.w.org\/{rel}","templated":true}]}}