{"id":11852,"date":"2024-12-03T08:30:04","date_gmt":"2024-12-03T07:30:04","guid":{"rendered":"https:\/\/lyceemauriac.fr\/?page_id=11852"},"modified":"2025-01-14T15:09:05","modified_gmt":"2025-01-14T14:09:05","slug":"liste-stages-seconde-2024-2025","status":"publish","type":"page","link":"https:\/\/lyceemauriac.fr\/index.php\/vie-pedagogique\/orientation\/liste-stages-seconde-2024-2025\/","title":{"rendered":"Liste des mini-stages 2024-2025"},"content":{"rendered":"<p><em>page actualis\u00e9e le 14\/01\/2025<\/em><\/p>\n<h2>Lyc\u00e9e des m\u00e9tiers Jacques Brel (Lormont)<\/h2>\n<ul>\n<li><a href=\"http:\/\/lycee-jacques-brel-lormont.fr\/\">Site internet<\/a><\/li>\n<li><strong>Mini stages d\u2019observation: <\/strong>de\u00a0janvier \u00e0 fin avril 2025.<\/li>\n<li><strong>Formations<br \/>\n<a href=\"https:\/\/lyceemauriac.fr\/wp-content\/uploads\/2025\/01\/brel2024.png\"><img loading=\"lazy\" decoding=\"async\" class=\"aligncenter size-full wp-image-11975\" src=\"https:\/\/lyceemauriac.fr\/wp-content\/uploads\/2025\/01\/brel2024.png\" alt=\"\" width=\"910\" height=\"250\" srcset=\"https:\/\/lyceemauriac.fr\/wp-content\/uploads\/2025\/01\/brel2024.png 910w, https:\/\/lyceemauriac.fr\/wp-content\/uploads\/2025\/01\/brel2024-200x55.png 200w, https:\/\/lyceemauriac.fr\/wp-content\/uploads\/2025\/01\/brel2024-768x211.png 768w, https:\/\/lyceemauriac.fr\/wp-content\/uploads\/2025\/01\/brel2024-370x102.png 370w\" sizes=\"auto, (max-width: 910px) 100vw, 910px\" \/><\/a><br \/>\n<\/strong><\/li>\n<li><strong>Portes ouvertes :<\/strong> samedi 15 f\u00e9vrier 2025 de 9h \u00e0 12h30.<\/li>\n<li><a href=\"http:\/\/lycee-jacques-brel-lormont.fr\/\">Inscription en ligne<\/a><\/li>\n<li><strong>Documents : <a href=\"https:\/\/lyceemauriac.fr\/wp-content\/uploads\/2025\/01\/affiche-jpo-mail.pdf\" class=\"mtli_attachment mtli_pdf\">affiche jpo mail<\/a><\/strong><\/li>\n<\/ul>\n<hr \/>\n<h2>Lyc\u00e9e Polyvalent Kastler (Talence)<\/h2>\n<ul>\n<li><a href=\"http:\/\/www.lyceekastler.fr\/\">Site internet<\/a><\/li>\n<li><strong>Mini stages d\u2019observation:<\/strong> non pr\u00e9cis\u00e9 \u00e0 ce jour<\/li>\n<li><strong>Formations :<br \/>\n<\/strong>Bac pro TRPM &#8211; Technicien en r\u00e9alisation de produits m\u00e9caniques<br \/>\nBac pro TCI &#8211; Technicien en chaudronnerie industrielle<br \/>\nBac pro Cybers\u00e9curit\u00e9, Informatique et r\u00e9seaux, \u00c9lectronique (CIEL)<\/p>\n<div>Bac Technologique STL sp\u00e9cialit\u00e9 SPCL<\/div>\n<div>Bac Technologique STI2D sp\u00e9cialit\u00e9 AC &#8211; ITEC &#8211; EE &#8211; SIN<\/div>\n<div><\/div>\n<div>Bac g\u00e9n\u00e9ral avec enseignement de sp\u00e9cialit\u00e9 Sciences de l&rsquo;Ing\u00e9nieur<\/div>\n<\/li>\n<li><strong>Portes ouvertes :<\/strong> samedi 15 f\u00e9vrier 2025 de 8h30 \u00e0 13h00<\/li>\n<li><a href=\"https:\/\/www.lyceekastler.fr\/mini-stages\/\">Inscription en ligne<\/a><\/li>\n<li><strong>Documents : <a href=\"https:\/\/lyceemauriac.fr\/wp-content\/uploads\/2025\/01\/PLAQUETTE-KASTLER-1.pdf\" class=\"mtli_attachment mtli_pdf\">PLAQUETTE KASTLER-1<\/a> <a href=\"https:\/\/lyceemauriac.fr\/wp-content\/uploads\/2025\/01\/ANNEXES-option-SL-3.pdf\" class=\"mtli_attachment mtli_pdf\">ANNEXES option SL-3<\/a><\/strong><\/li>\n<\/ul>\n<hr \/>\n<h2>Lyc\u00e9e Technologique Saint-Louis (Bordeaux)<\/h2>\n<ul>\n<li><a href=\"http:\/\/www.lyceesaintlouis.fr\/Joomla\/\">Site internet<\/a><\/li>\n<li><strong><strong>mini stages d\u2019observation : <\/strong><\/strong>non pr\u00e9cis\u00e9 \u00e0 ce jour<\/li>\n<li><strong>Portes ouvertes : <\/strong>Samedi 15 f\u00e9vrier 2025 de 9h \u00e0 12h30<\/li>\n<li><strong>Formations :<\/strong>\u00a0m\u00e9tiers de la biologie et de la chimie (premi\u00e8re STL).<\/li>\n<li><strong>Documents : <a href=\"https:\/\/lyceemauriac.fr\/wp-content\/uploads\/2025\/01\/affiche-2025-A4.pdf\" class=\"mtli_attachment mtli_pdf\">affiche 2025 &#8211; A4<\/a><\/strong><\/li>\n<\/ul>\n<hr \/>\n<h2>Lyc\u00e9e de Gascogne, h\u00f4tellerie et tourisme (Talence)<\/h2>\n<p><span style=\"color: #ff0000;\"><strong>Stages Passerelle du lundi 31 mars au vendredi 18 avril ET du lundi 5 mai au vendredi 23 mai 2025<\/strong><\/span><\/p>\n<ul>\n<li><a href=\"http:\/\/www.lyceedegascogne.fr\/\">Site internet<\/a><\/li>\n<li>\u00a0Baccalaur\u00e9at STHR<\/li>\n<li><strong>Documents : <a href=\"https:\/\/lyceemauriac.fr\/wp-content\/uploads\/2025\/01\/organisation-stage-passerelle.pdf\" class=\"mtli_attachment mtli_pdf\">organisation stage passerelle<\/a><br \/>\n<\/strong><\/li>\n<\/ul>\n<hr \/>\n<h2>Lyc\u00e9e Philippe Cousteau (Saint-Andr\u00e9 de Cubzac)<\/h2>\n<ul>\n<li><a href=\"http:\/\/webetab.ac-bordeaux.fr\/lycee-philippe-cousteau\/\">Site internet<\/a><\/li>\n<li><strong>Mini stages d\u2019observation:<\/strong>13 janvier au 11 avril 2025<\/li>\n<li><strong>Formations<br \/>\n<a href=\"https:\/\/lyceemauriac.fr\/wp-content\/uploads\/2025\/01\/couteau.png\"><img loading=\"lazy\" decoding=\"async\" class=\"aligncenter size-full wp-image-11959\" src=\"https:\/\/lyceemauriac.fr\/wp-content\/uploads\/2025\/01\/couteau.png\" alt=\"\" width=\"819\" height=\"327\" srcset=\"https:\/\/lyceemauriac.fr\/wp-content\/uploads\/2025\/01\/couteau.png 819w, https:\/\/lyceemauriac.fr\/wp-content\/uploads\/2025\/01\/couteau-200x80.png 200w, https:\/\/lyceemauriac.fr\/wp-content\/uploads\/2025\/01\/couteau-768x307.png 768w, https:\/\/lyceemauriac.fr\/wp-content\/uploads\/2025\/01\/couteau-370x148.png 370w\" sizes=\"auto, (max-width: 819px) 100vw, 819px\" \/><\/a><br \/>\n<\/strong><\/li>\n<li><strong>Portes ouvertes :<\/strong> samedi 22 mars 2025 de 9h \u00e0 12h00.<strong><br \/>\n<\/strong><\/li>\n<li><strong>Inscription<\/strong> : <a href=\"https:\/\/forms.office.com\/e\/jrE6bZ0Dmc?origin=lprLink\">en ligne<\/a><\/li>\n<li>Documents : <a href=\"https:\/\/lyceemauriac.fr\/wp-content\/uploads\/2025\/01\/jpo-22-mars-2025-Affiche.pdf\" class=\"mtli_attachment mtli_pdf\">jpo 22 mars 2025 Affiche<\/a> <a href=\"https:\/\/lyceemauriac.fr\/wp-content\/uploads\/2025\/01\/NOTICE-INFO-mini-stages-2025.pdf\" class=\"mtli_attachment mtli_pdf\">NOTICE INFO mini stages 2025<\/a><\/li>\n<\/ul>\n<hr \/>\n<h2>Lyc\u00e9e Gustave Eiffel (Bordeaux)<\/h2>\n<ul>\n<li><a href=\"https:\/\/www.eiffel-bordeaux.org\/\">Site internet<\/a><\/li>\n<li><strong>Mini stages d\u2019observation :<\/strong>du 13 janvier et jusqu\u2019au 6 mai 2025<\/li>\n<li><strong>Formations :<br \/>\n<\/strong>BAC PRO M\u00e9tiers de l\u2019\u00c9lectricit\u00e9 et de ses Environnements Connect\u00e9s (MELEC)<br \/>\nBAC STI2D<br \/>\nBAC GENERAL Science de l\u2019Ing\u00e9nieur<\/li>\n<li><strong>Portes ouvertes :<\/strong>samedi 15 f\u00e9vrier de 8h30 \u00e0 16h30<\/li>\n<li><strong>inscription<\/strong> : <a href=\"https:\/\/www.eiffel-bordeaux.org\/inscription-aux-mini-stages-2025-reservez-votre-place-des-maintenant\/\">en ligne<\/a><\/li>\n<li><strong>Plaquette<\/strong> : <a href=\"https:\/\/lyceemauriac.fr\/wp-content\/uploads\/2025\/01\/Formulaire-dinscription-exemple.pdf\" class=\"mtli_attachment mtli_pdf\">Formulaire d&rsquo;inscription exemple<\/a> <a href=\"https:\/\/lyceemauriac.fr\/wp-content\/uploads\/2025\/01\/Organigramme_des_formations_Lyc_e_G_eiffel_2024.pdf\" class=\"mtli_attachment mtli_pdf\">Organigramme_des_formations_Lyc_e_G_eiffel_2024<\/a> <a href=\"https:\/\/lyceemauriac.fr\/wp-content\/uploads\/2025\/01\/Plaquette_des_formations_G_Eiffel.pdf\" class=\"mtli_attachment mtli_pdf\">Plaquette_des_formations_G_Eiffel<\/a><\/li>\n<\/ul>\n<hr \/>\n<h2>Lyc\u00e9e de la mer (Gujan-Mestras)<\/h2>\n<ul>\n<li><a href=\"http:\/\/www.lyceedelamergujan.fr\/\">Site internet<\/a><\/li>\n<li><strong>Mini stages d\u2019observation: <\/strong>du Lundi 13 janvier au vendredi 21 f\u00e9vrier 2025.<\/li>\n<li><strong>Formations :<\/strong>\n<ul>\n<li>Bac Pro Cultures marines<br \/>\nBac Pro Productions Aquacoles<br \/>\nBac Pro Technicien Menuisier Agenceur<br \/>\nBac Pro Plastiques et Composites<br \/>\nBac Pro Maintenance Nautique<br \/>\nBac Pro Commerce &#8211; Vente (Biganos)<\/li>\n<\/ul>\n<\/li>\n<li><strong>Inscriptions :<\/strong> <a href=\"https:\/\/portail.mini-stage.fr\/etablissement-lycee-de-la-mer\">https:\/\/portail.mini-stage.fr\/etablissement-lycee-de-la-mer<\/a><\/li>\n<li><strong>Portes ouvertes : <\/strong>Samedi 29 Mars 2025<\/li>\n<li><strong>Documents : <a href=\"https:\/\/lyceemauriac.fr\/wp-content\/uploads\/2025\/01\/courrier-ministage_LYCEE2nd_2024-2025.pdf\" class=\"mtli_attachment mtli_pdf\">courrier ministage_LYCEE2nd_2024-2025<\/a><\/strong><\/li>\n<\/ul>\n<hr \/>\n<h2>Lyc\u00e9e des M\u00e9tiers de La Morlette (Cenon)<\/h2>\n<p><em>stages passerelles possibles<\/em><\/p>\n<ul>\n<li><a href=\"https:\/\/lycee-lamorlette.fr\/\">Site internet<\/a><\/li>\n<li><strong>Mini stages d\u2019observation : <\/strong>de mi-janvier \u00e0 mi-avril 2025<\/li>\n<li><strong>Formations :<\/strong><br \/>\n-CAP m\u00e9tiers de la coiffure<br \/>\n-BCP m\u00e9tiers de la coiffure<br \/>\n-BCP ECP (Esth\u00e9tique Cosm\u00e9tique et Parfumerie)<br \/>\n-BCP AGORA (Assistance \u00e0 la Gestion des ORganisations et de leurs Activit\u00e9s)<br \/>\n-BCP AEPA (Animation, Enfance et Personnes Ag\u00e9es)<br \/>\n-BCP ASSP (Accompagnement, Soins et Services \u00e0 la Personne)<\/li>\n<li><strong>Portes ouvertes :<\/strong> le Samedi 22 mars 2025<\/li>\n<li><a href=\"https:\/\/docs.google.com\/forms\/d\/1z_I4O7B0_gg8GEXOFeTKnPkwhXhhLmA6R3JJZiEb\">Inscriptions en ligne<\/a><\/li>\n<li><strong>Documents : <a href=\"https:\/\/lyceemauriac.fr\/wp-content\/uploads\/2024\/12\/20231208-lettre-ministages-2.doc\" class=\"mtli_attachment mtli_doc\">20231208-lettre ministages-2<\/a><\/strong><\/li>\n<\/ul>\n<hr \/>\n<h2>Lyc\u00e9e des m\u00e9tiers des Services et de l\u2019A\u00e9ronautique Flora Tristan (Camblanes\/Latresne)<\/h2>\n<ul>\n<li><a href=\"http:\/\/www.lp-flora-tristan.net\/\">Site internet<\/a><\/li>\n<li><strong>Mini-stages d&rsquo;observation<\/strong> : \u00e0 partir du 09 janvier 2025<\/li>\n<li><strong>Formations :<\/strong>\n<ul>\n<li>CAP Restaurant<br \/>\nCAP Cuisine<br \/>\nCAP commercialisation et service en h\u00f4tel caf\u00e9 restaurant<br \/>\nCAP Production Service en Restaurants<br \/>\nCAP Agent Accompagnant au Grand \u00c2GE<br \/>\nCAP Agent de Propret\u00e9 et d\u2019hygi\u00e8ne<br \/>\nCAP Fleuriste<br \/>\nBAC PRO Hygi\u00e8ne Propret\u00e9 St\u00e9rilisation<br \/>\nBAC PRO M\u00e9tiers de l&rsquo;H\u00f4tellerie Restauration MHR<br \/>\nBAC PRO Commerce<br \/>\nBAC PRO A\u00e9ronautique<\/li>\n<\/ul>\n<\/li>\n<li><strong>Portes ouvertes :<\/strong>\n<ul>\n<li>\n<p style=\"font-weight: 400;\">site de Camblanes (formations hors a\u00e9ronautique) :\u00a0<b>le Vendredi 21 mars de 16h00 \u00e0 19h30 et le Samedi 22 mars de 9h30 \u00e0 12h30<\/b><\/p>\n<\/li>\n<li>\n<p style=\"font-weight: 400;\">site de Lastresne (formations a\u00e9ronautique) :\u00a0<b>Le Mercredi 12 f\u00e9vrier l&rsquo;apr\u00e8s midi et le samedi 22 mars 2025<\/b><\/p>\n<\/li>\n<\/ul>\n<\/li>\n<li><strong>Documents :\u00a0<\/strong><a href=\"https:\/\/docs.google.com\/forms\/d\/1tCkREmKrzDNyYtuUkw3UQmklc4-J-uVTm0hxC9hceQY\/prefill\">inscription en ligne<\/a><\/li>\n<\/ul>\n<p>&nbsp;<\/p>\n<hr \/>\n<h2>Lyc\u00e9e Philadelphe De Gerde (Pessac)<\/h2>\n<ul>\n<li><a href=\"http:\/\/lyceepro-pessac.fr\/\">Site internet<\/a><\/li>\n<li><strong>Mini stages d\u2019observation: <\/strong>\u00e0 partir du 10 F\u00e9vrier 2025<\/li>\n<li><strong>Formations :<\/strong>\n<ul>\n<li>* Baccalaur\u00e9at professionnel Cybers\u00e9curit\u00e9, Informatique et R\u00e9seaux,<br \/>\nElectronique\u00a0(*BP CIEL*)<br \/>\n* Baccalaur\u00e9at professionnel M\u00e9tiers de l&rsquo;Electricit\u00e9 et de ses<br \/>\nEnvironnements Connect\u00e9s (*BP MELEC)*<br \/>\n* Baccalaur\u00e9at professionnel M\u00e9tiers du Froid et des Energies<br \/>\nRenouvelables (*BP MFER*)<br \/>\n* Baccalaur\u00e9at professionnel Maintenance et Efficacit\u00e9 Energ\u00e9tique<br \/>\n(*BP MEE*)<br \/>\n* Baccalaur\u00e9at professionnel Pilote de Ligne de Production (*PLP*)<br \/>\n* Baccalaur\u00e9at professionnel M\u00e9tiers du Commerce et de la Vente (*BP MCV*)<br \/>\n* CAP Electricien (*CAP ELEC*)<br \/>\n* CAP Equipier Polyvalent du Commerce (*CAP EPC*<\/li>\n<\/ul>\n<\/li>\n<li><strong>Portes ouvertes : <\/strong>Samedi 8 F\u00e9vrier 2025.<\/li>\n<li><strong>Documents : <a href=\"https:\/\/lyceemauriac.fr\/wp-content\/uploads\/2024\/12\/Formulaire-Liste-Inscriptions-Mini-stages-2025.docx\" class=\"mtli_attachment mtli_docx\">Formulaire Liste Inscriptions Mini-stages 2025<\/a> <a href=\"https:\/\/lyceemauriac.fr\/wp-content\/uploads\/2024\/12\/Fiche-individuelle-pre-inscription-mini-stages-2025.pdf\" class=\"mtli_attachment mtli_pdf\">Fiche individuelle pre-inscription mini stages 2025<\/a> <a href=\"https:\/\/lyceemauriac.fr\/wp-content\/uploads\/2024\/12\/courrier-etablissements-mini-stages-2025.pdf\" class=\"mtli_attachment mtli_pdf\">courrier \u00e9tablissements mini stages 2025<\/a><\/strong><\/li>\n<\/ul>\n<hr \/>\n<h2>Lyc\u00e9e des m\u00e9tiers Sud-Gironde (Langon)<\/h2>\n<ul>\n<li><a href=\"https:\/\/www.lp-sud-gironde.fr\/\">Site internet<\/a><\/li>\n<li><strong>Mini stages d\u2019observation:\u00a0<\/strong>voir fiche d\u2019inscription<\/li>\n<li><strong>Formations :<\/strong>\n<ul>\n<li>CAP M\u00e9tallier<\/li>\n<li>CAP Menuisier Fabricant<\/li>\n<li>Bac Pro MELEC (M\u00e9tiers de l&rsquo;\u00c9lectricit\u00e9 et ses Environnements Connect\u00e9s)<\/li>\n<li>Bac Pro MSPC (Maintenance des Syst\u00e8mes de Production Connect\u00e9s, ex MEI)<\/li>\n<li>Bac Pro TCI (Technicien Chaudronnerie Industrielle<\/li>\n<li>Bac Pro TCB (Technicien Constructeur Bois)<\/li>\n<li>Bac Pro TMA(Technicien Menuiser Agenceur)<\/li>\n<\/ul>\n<\/li>\n<li><strong>Portes ouvertes : <\/strong>samedi 22 mars 2025 de 9h \u00e0 12h.<\/li>\n<li><strong>Documents : <a href=\"https:\/\/lyceemauriac.fr\/wp-content\/uploads\/2024\/12\/FILIERES-LYCEE.pdf\" class=\"mtli_attachment mtli_pdf\">FILIERES LYCEE<\/a> <a href=\"https:\/\/lyceemauriac.fr\/wp-content\/uploads\/2024\/12\/CONVENTION-KIT-MINI-STAGE.pdf\" class=\"mtli_attachment mtli_pdf\">CONVENTION (KIT MINI STAGE)<\/a> <a href=\"https:\/\/lyceemauriac.fr\/wp-content\/uploads\/2024\/12\/FICHE-INSCRIPTION.pdf\" class=\"mtli_attachment mtli_pdf\">FICHE INSCRIPTION<\/a> <a href=\"https:\/\/lyceemauriac.fr\/wp-content\/uploads\/2024\/12\/COURRIER-MINI-STAGE.pdf\" class=\"mtli_attachment mtli_pdf\">COURRIER MINI STAGE<\/a><\/strong><\/li>\n<\/ul>\n<hr \/>\n<h2>Lyc\u00e9e professionnel de l\u2019Estuaire (Blaye)<\/h2>\n<ul>\n<li><a href=\"http:\/\/www.lpestuaire.fr\/\">Site internet<\/a><\/li>\n<li><strong>Mini stages d\u2019observation:<\/strong> du 6 janvier 2024 au 18 avril 2024,<\/li>\n<li><strong>Formations :<br \/>\n<\/strong>\u2013 1\u00e8re ann\u00e9e MIS : Monteur en Installations Sanitaires (CAP)<br \/>\n\u2013 1\u00e8re ann\u00e9e MIT : Monteur en Installations Thermiques (CAP)<br \/>\n\u2013 1\u00e8reann\u00e9e RICS : R\u00e9alisations Industrielles en Chaudronnerie ou Soudage (CAP)<br \/>\n\u2013 1\u00e8re ann\u00e9e PSR : Production et Service en Restaurations (CAP)<br \/>\n\u2013 1\u00e8re ann\u00e9e AAGA: Agent Accompagnant au Grand \u00c2ge<br \/>\n\u2013 2nde MGATL : M\u00e9tiers de la Gestion Administrative, du Transport et de la Logistique<br \/>\n(Bac Pro)<br \/>\n\u2013 2nde MRC : M\u00e9tiers de la Relation Client (Bac Pro)<br \/>\n\u2013 2nde TIIN : Techniques d\u2019Interventions sur Installations Nucl\u00e9aires (Bac Pro)<br \/>\n\u2013 2nde MHR : M\u00e9tiers de l\u2019H\u00f4tellerie-Restauration (Bac Pro)<br \/>\n\u2013 2nde MTNE : M\u00e9tiers des Transitions Num\u00e9rique et \u00c9nerg\u00e9tique, pour acc\u00e8s en 1\u00e8re<br \/>\nSN : Syst\u00e8mes Num\u00e9riques (Bac Pro)<br \/>\nICCER : Installateur en Chauffage, Climatisation et \u00c9nergies Renouvelables<br \/>\n(Bac Pro), (ex TISEC)<\/li>\n<li><strong>Portes ouvertes :<\/strong>\u00a0samedi 15 f\u00e9vrier au matin<\/li>\n<li><strong>Documents : <a href=\"https:\/\/lyceemauriac.fr\/wp-content\/uploads\/2024\/12\/LettreInfo_MiniStages2025.pdf\" class=\"mtli_attachment mtli_pdf\">LettreInfo_MiniStages2025<\/a><\/strong><\/li>\n<\/ul>\n<hr \/>\n<h2>Lyc\u00e9e des m\u00e9tiers L\u00e9onard de Vinci (Blanquefort)<\/h2>\n<ul>\n<li><a href=\"http:\/\/www.lyceevinciblanquefort.fr\/\">Site internet<\/a><\/li>\n<li><strong>Mini stages d\u2019observation:<\/strong>du 13\/01\/2025 jusqu&rsquo;au 28\/03\/2025<\/li>\n<li><strong>Formations :<\/strong>\n<ul>\n<li>CAP :Installateur Sanitaire, Menuisier Fabricant, Serrurier M\u00e9tallier<\/li>\n<li>BAC PRO : Am\u00e9nagement Finition du B\u00e2timent, Maintenance des Mat\u00e9riels : de Construction et de Manutention,M\u00e9tiers et Arts de la Pierre,Technicien du B\u00e2timent : Organisation et R\u00e9alisation du Gros Oeuvre,Technicien d\u2019\u00e9tude du B\u00e2timent option : Assistant en Architecture et option : \u00c9tudes et \u00c9conomie,Technicien Installateur des Syst\u00e8mes \u00c9nerg\u00e9tiques et Climatiques,Technicien Menuisier Agenceur,Travaux Publics<\/li>\n<li>BAC TECHNO :Sciences et Technologie de l\u2019Industrie et du D\u00e9veloppement Durable option : \u00c9nergies et Environnement et option : Architecture et Construction (\u00e0 partir de la 1\u00e8re)<\/li>\n<\/ul>\n<\/li>\n<li><strong>Portes ouvertes :<\/strong><\/li>\n<li><strong>Inscription : <a href=\"https:\/\/lyceemauriac.fr\/wp-content\/uploads\/2024\/12\/modele-convention-mini-stage.docx\" class=\"mtli_attachment mtli_docx\">modele convention mini stage<\/a><\/strong><\/li>\n<\/ul>\n<hr \/>\n<p>&nbsp;<\/p>\n<h2>Lyc\u00e9e professionnel Henri Brulle (Libourne)<\/h2>\n<ul>\n<li><a href=\"http:\/\/lp-henribrulle.fr\/hb2017\/index.php\/fr\/\">Site internet<\/a><\/li>\n<li><strong>Mini stages d\u2019observation:<\/strong> Lundi 06 janvier et le Vendredi 18 avril 2025<\/li>\n<li><strong>Formations :<br \/>\n<\/strong>CAP Menuisier Fabricant (MF)<br \/>\nCAP M\u00e9tiers du Pl\u00e2tre et de l\u2019Isolation (MPI)<br \/>\nCAP Equipier Polyvalent du Commerce (EPC)<br \/>\nBAC PRO Technicien Menuisier-Agenceur (TMA)<br \/>\nBAC PRO Technicien Constructeur Bois (TCB)<br \/>\nBAC PRO Am\u00e9nagement et Finition du B\u00e2timent (AFB)<br \/>\nBAC PRO Assistance \u00e0 la Gestion des Organisations et de leurs Activit\u00e9s (AGOrA) ex GA<br \/>\nBAC PRO M\u00e9tiers du Commerce et de la Vente (MCV)<br \/>\nBAC PRO M\u00e9tiers de l\u2019Accueil (MDA)<\/li>\n<li><strong>Portes ouvertes :<\/strong><\/li>\n<li><strong>Documents :<\/strong>\n<ul>\n<li><a href=\"https:\/\/goo.gl\/forms\/55CMIYNXPNF4Bx1C2\">inscription en ligne<\/a><\/li>\n<\/ul>\n<\/li>\n<\/ul>\n<hr \/>\n<h2>Lyc\u00e9e des M\u00e9tiers Condorcet (Arcachon)<\/h2>\n<ul>\n<li><a href=\"https:\/\/lycee-condorcet-arcachon.fr\/\">Site internet<\/a><\/li>\n<li><strong>Mini stages d\u2019observation:<\/strong> entre le 13 janvier et le 18 avril 2025.<\/li>\n<li><strong>Formations :<\/strong>\n<ul>\n<li>Cuisine (CAP Cuisine et Bac Pro Cuisine)<\/li>\n<li>Services en Hotellerie (CAP Commercialisation et Services en H\u00f4tel-Caf\u00e9-Brasserie et Bac Pro Commercialisation et Services en Restaurant)<\/li>\n<li>Bac Pro M\u00e9tiers du Commerce et de la Vente (option A : animation et gestion de l\u2019espace commercial ou option B: prospection client\u00e8le et valorisation de l\u2019offre commerciale)<\/li>\n<li>Bac Pro Accompagnement Soins Services aux Personnes (option en structure et option \u00e0 domicile)<\/li>\n<li>Bac Pro MELEC (M\u00e9tiers de l\u2019\u00c9lectricit\u00e9 et ses Environnements Connect\u00e9s)<\/li>\n<li>Bac Pro GestionAdministration (AGORA)<\/li>\n<\/ul>\n<\/li>\n<li><strong>Portes ouvertes :<\/strong> vendredi 11 avril de 14h \u00e0 18h<\/li>\n<li><strong>Documents : <a href=\"https:\/\/lyceemauriac.fr\/wp-content\/uploads\/2024\/12\/Courrier_Mini_Stages_2024-2025.pdf\" class=\"mtli_attachment mtli_pdf\">Courrier_Mini_Stages_2024-2025<\/a> <a href=\"https:\/\/lyceemauriac.fr\/wp-content\/uploads\/2024\/12\/Fiche_Inscription_mini-stages_2024_2025.doc\" class=\"mtli_attachment mtli_doc\">Fiche_Inscription_mini-stages_2024_2025<\/a><\/strong><\/li>\n<\/ul>\n<hr \/>\n<h2>Lyc\u00e9e Jehan Dup\u00e9rier (Saint M\u00e9dard en Jalles)<\/h2>\n<ul>\n<li><a href=\"http:\/\/webetab.ac-bordeaux.fr\/lycee-jehan-duperier\/\">Site internet<\/a><\/li>\n<li><strong>Mini stages d\u2019observation:\u00a0<\/strong>mini-stages du 7 janvier au 28 mars 2025<\/li>\n<li><strong>Formations :<\/strong><br \/>\nCAP 2 ans : A.A.G.A : Agent Accompagnant au Grand Age<br \/>\nBac Pro 3 ans ASSP (Accompagnement Soins Services \u00e0 la Personne) option \u00e0 domicile<br \/>\nBac Pro 3 ans CIEL : Cyber s\u00e9curit\u00e9, Informatique et r\u00e9seaux, Electronique)<br \/>\nBac Pro 3 ans T.C.I (Technicien en Chaudronnerie Industrielle)<br \/>\nBac Pro 3 ans A\u00e9ronautique option Structure<\/li>\n<li><strong>Portes ouvertes :<\/strong> le samedi 15 f\u00e9vrier 2025 matin de 09h00 \u00e0 12h00.<\/li>\n<li><strong>Documents : <a href=\"https:\/\/lyceemauriac.fr\/wp-content\/uploads\/2024\/12\/Demande-de-mini-stage-2025-eleves-de-3e-et-2nde-.pdf\" class=\"mtli_attachment mtli_pdf\">Demande de mini-stage 2025 \u00e9l\u00e8ves de 3\u00e8 et 2nde<\/a> <a href=\"https:\/\/lyceemauriac.fr\/wp-content\/uploads\/2024\/12\/FICHE_LP_DUPERIER_Triptyque_2024-2025.pdf\" class=\"mtli_attachment mtli_pdf\">FICHE_LP_DUPERIER_Triptyque_2024-2025<\/a> <a href=\"https:\/\/lyceemauriac.fr\/wp-content\/uploads\/2024\/12\/LETTRE_MINI_STAGE_2025_Familles.pdf\" class=\"mtli_attachment mtli_pdf\">LETTRE_MINI_STAGE_2025_Familles<\/a> <a href=\"https:\/\/lyceemauriac.fr\/wp-content\/uploads\/2024\/12\/LETTRE_MINI_STAGE_2025_Chefs_Etab_Colleges_Lycees.pdf\" class=\"mtli_attachment mtli_pdf\">LETTRE_MINI_STAGE_2025_Chefs_Etab_Coll\u00e8ges_Lyc\u00e9es<\/a><\/strong><\/li>\n<\/ul>\n<hr \/>\n<h2>Lyc\u00e9e de Gascogne, h\u00f4tellerie et tourisme (Talence) :<\/h2>\n<ul>\n<li><a href=\"http:\/\/www.lyceedegascogne.fr\/\">Site internet<\/a><\/li>\n<li>\uf0b7 CAP Cuisine, Commercialisation et Services<br \/>\n\uf0b7 Baccalaur\u00e9at professionnel Cuisine, CSR<br \/>\n\uf0b7 Baccalaur\u00e9at STHR<br \/>\n\uf0b7 Mise \u00e0 niveau HR<br \/>\n\uf0b7 BTS Tourisme<\/li>\n<\/ul>\n<ul>\n<li><strong>Portes ouvertes<\/strong> : Vendredi 11 Avril 2025 de 14h \u00e0 20h30<\/li>\n<li><strong>Inscriptions<\/strong> : voir formulaire sur le site internet<\/li>\n<li><strong>Dates : <\/strong>lundi 06 janvier au vendredi 18 avril 2025<\/li>\n<li><strong>Documents : <a href=\"https:\/\/lyceemauriac.fr\/wp-content\/uploads\/2024\/12\/courrier-mini-stages.pdf\" class=\"mtli_attachment mtli_pdf\">courrier mini stages<\/a><br \/>\n<\/strong><\/li>\n<\/ul>\n<hr \/>\n<h2>Lyc\u00e9e Vaclav Havel (B\u00e8gles)<\/h2>\n<ul>\n<li><a href=\"https:\/\/lyceevaclavhavel.fr\/\">Site internet<\/a><\/li>\n<li><strong>Mini stages d\u2019observation:<\/strong> du 6 janvier au 18 avril 2025<\/li>\n<li><strong>Formations :<\/strong>\n<ul>\n<li>Baccalaur\u00e9at professionnel M\u00e9tiers de la Couture et de la Confection (ancien M\u00e9tiers de la mode V\u00eatements)<\/li>\n<li>Baccalaur\u00e9at professionnel Production en Industries Pharmaceutiques, Alimentaires et Cosm\u00e9tiques (ancien Bio-industries de transformation)<\/li>\n<li>Baccalaur\u00e9at technologique Sciences et Technologies de la Sant\u00e9 et du Social (uniquement pour les \u00e9l\u00e8ves de lyc\u00e9e)<\/li>\n<\/ul>\n<\/li>\n<li><strong>Portes ouvertes :<\/strong>samedi 8 f\u00e9vrier 2025 de 9h \u00e0 12h30.<\/li>\n<li><strong>Inscriptions : <\/strong>via message \u00e0 <a href=\"mailto:ministage.vaclavhavel@ac-bordeaux.fr\">ministage.vaclavhavel@ac-bordeaux.fr<\/a><\/li>\n<\/ul>\n<hr \/>\n<h2>Lyc\u00e9e des m\u00e9tiers Toulouse Lautrec (Bordeaux)<\/h2>\n<ul>\n<li><a href=\"http:\/\/www.lautrecbordeaux.com\/\">Site internet<\/a><\/li>\n<li><strong>Mini stages d\u2019observation:<\/strong> du lundi 13 janvier au vendredi 21 mars 2025.<\/li>\n<li><strong>Formations :<\/strong>\n<ul>\n<li><strong>CAP Mode<\/strong>\u00a0:<br \/>\nM\u00e9tiers v\u00eatement tailleur<br \/>\nM\u00e9tiers v\u00eatement flou<\/li>\n<li><strong>BAC PRO<\/strong>\u00a0:<br \/>\nM2C M\u00e9tiers de la couture et de la confection<br \/>\nPhotographie<br \/>\nProth\u00e9siste Dentaire<br \/>\nAMA communication visuelle<br \/>\nAMA marchandisage visuel<br \/>\nAMA tapissier ameublement Photographie<\/li>\n<\/ul>\n<\/li>\n<li><strong>Portes ouvertes :<\/strong><br \/>\nsamedi 29 mars de 9 heures \u00e0 17 heures.<\/li>\n<li>Inscriptions en ligne : voir liens dans le doc ci-dessous<\/li>\n<li>Documents : <a href=\"https:\/\/lyceemauriac.fr\/wp-content\/uploads\/2024\/12\/LETTRE-ACCOMP-MINI-STAGE-2025.pdf\" class=\"mtli_attachment mtli_pdf\">LETTRE ACCOMP-MINI-STAGE-2025<\/a><\/li>\n<\/ul>\n<p>&nbsp;<\/p>\n<p>&nbsp;<\/p>\n<h2><em>hors Gironde\u00a0<\/em><\/h2>\n<ul>\n<li style=\"list-style-type: none;\">\n<ul>\n<li style=\"list-style-type: none;\">\n<ul>\n<li><a href=\"https:\/\/www.onisep.fr\/Ressources\/Univers-Lycee\/Lycees\/Nouvelle-Aquitaine\/Landes\/lycee-professionnel-frederic-esteve\">Lyc\u00e9e Professionnel Fr\u00e9d\u00e9ric Est\u00e8ve<\/a> de Mont-de-Marsan (40)<\/li>\n<li><a href=\"https:\/\/lpthiviers.fr\/\">Lyc\u00e9e Porte D\u2019Aquitaine \u2013 Thiviers<\/a> (64) : M\u00e9tiers du Bois &amp; du cuir<\/li>\n<\/ul>\n<\/li>\n<\/ul>\n<\/li>\n<\/ul>\n","protected":false},"excerpt":{"rendered":"<p>page actualis\u00e9e le 14\/01\/2025 Lyc\u00e9e des m\u00e9tiers Jacques Brel (Lormont) Site internet Mini stages d\u2019observation: de\u00a0janvier \u00e0 fin avril 2025. Formations Portes ouvertes : samedi 15 f\u00e9vrier 2025 de 9h \u00e0 12h30. Inscription en ligne Documents : affiche jpo mail Lyc\u00e9e Polyvalent Kastler (Talence) Site internet Mini stages d\u2019observation: non pr\u00e9cis\u00e9 \u00e0 ce jour Formations [&hellip;]<\/p>\n","protected":false},"author":2,"featured_media":0,"parent":1402,"menu_order":0,"comment_status":"closed","ping_status":"closed","template":"","meta":{"footnotes":""},"class_list":["post-11852","page","type-page","status-publish","hentry"],"_links":{"self":[{"href":"https:\/\/lyceemauriac.fr\/index.php\/wp-json\/wp\/v2\/pages\/11852","targetHints":{"allow":["GET"]}}],"collection":[{"href":"https:\/\/lyceemauriac.fr\/index.php\/wp-json\/wp\/v2\/pages"}],"about":[{"href":"https:\/\/lyceemauriac.fr\/index.php\/wp-json\/wp\/v2\/types\/page"}],"author":[{"embeddable":true,"href":"https:\/\/lyceemauriac.fr\/index.php\/wp-json\/wp\/v2\/users\/2"}],"replies":[{"embeddable":true,"href":"https:\/\/lyceemauriac.fr\/index.php\/wp-json\/wp\/v2\/comments?post=11852"}],"version-history":[{"count":14,"href":"https:\/\/lyceemauriac.fr\/index.php\/wp-json\/wp\/v2\/pages\/11852\/revisions"}],"predecessor-version":[{"id":11859,"href":"https:\/\/lyceemauriac.fr\/index.php\/wp-json\/wp\/v2\/pages\/11852\/revisions\/11859"}],"up":[{"embeddable":true,"href":"https:\/\/lyceemauriac.fr\/index.php\/wp-json\/wp\/v2\/pages\/1402"}],"wp:attachment":[{"href":"https:\/\/lyceemauriac.fr\/index.php\/wp-json\/wp\/v2\/media?parent=11852"}],"curies":[{"name":"wp","href":"https:\/\/api.w.org\/{rel}","templated":true}]}}