{"id":2070,"date":"2017-05-25T17:49:34","date_gmt":"2017-05-25T15:49:34","guid":{"rendered":"https:\/\/lyceemauriac.fr\/?page_id=2070"},"modified":"2017-05-25T17:50:42","modified_gmt":"2017-05-25T15:50:42","slug":"travail-autour-dune-des-deux-experiences","status":"publish","type":"page","link":"https:\/\/lyceemauriac.fr\/index.php\/projet-savanturiers-2017\/travail-autour-dune-des-deux-experiences\/","title":{"rendered":"Travail autour d&rsquo;une des deux exp\u00e9riences"},"content":{"rendered":"<div>Nous sommes les ambassadeurs du groupe de l\u2019exp\u00e9rience 1. Ce groupe est compos\u00e9 de 6 personnes qui sont :<\/div>\n<div><\/div>\n<div>Julien Chaillou<\/div>\n<div>Pierre Calmettes<\/div>\n<div>Ma\u00ebl Ramboatiana<\/div>\n<div>Victoria Roulet<\/div>\n<div>Emie Debenay<\/div>\n<div>Chlo\u00e9 Rodick<\/div>\n<div><\/div>\n<div>\n<p>Lors de la seconde s\u00e9ance Pierre et Julien ont commenc\u00e9 le diaporama. Victoria et Chlo\u00e9 ont fais des fiches pour prendre les r\u00e9ponses lors de l\u2019exp\u00e9rience. \u00c9mie et Ma\u00ebl eux cherchent des informations pour savoir combien de diapositives ils doivent faire ainsi que le temps de m\u00e9morisation qui faut laisser entre chaque diapositives, pour permettre la m\u00e9morisation.<\/p>\n<p>Dans cette exp\u00e9rience on r\u00e9alise 3 tests sur la m\u00eame personne,on fera le test sur 15\u00a0 personnes. La difficult\u00e9 augmente \u00e0 chaque nouveau test.<br \/>\nIl doit \u00eatre fait dans le silence.<br \/>\nTest : il y aura 2 mots, le 1er sera toujours une couleur. Le but sera de dire si le mot \u00e9crit en bas est \u00e9crit de la couleur indiqu\u00e9e par le 1er mot.<br \/>\n&#8211; niveau 1 le 1er mot (couleur) est \u00e9crit en noir, le 2\u00e8 mot est color\u00e9, le sens est al\u00e9atoire.<br \/>\n&#8211; niveau 2 idem mais le 2\u00e8 mot est une couleur : le sens n\u2019est plus al\u00e9atoire.<br \/>\n&#8211; niveau 3 m\u00eame chose que le niveau 2, mais le 1 er mot indiquant une couleur sera lui aussi color\u00e9<br \/>\nmembres de l&rsquo;\u00e9quipe<\/p>\n<\/div>\n<div>\n<div>Farah Khenouchi<\/div>\n<div>Sarah Masanet<\/div>\n<\/div>\n","protected":false},"excerpt":{"rendered":"<p>Nous sommes les ambassadeurs du groupe de l\u2019exp\u00e9rience 1. Ce groupe est compos\u00e9 de 6 personnes qui sont : Julien Chaillou Pierre Calmettes Ma\u00ebl Ramboatiana Victoria Roulet Emie Debenay Chlo\u00e9 Rodick Lors de la seconde s\u00e9ance Pierre et Julien ont commenc\u00e9 le diaporama. Victoria et Chlo\u00e9 ont fais des fiches pour prendre les r\u00e9ponses lors [&hellip;]<\/p>\n","protected":false},"author":2,"featured_media":0,"parent":2063,"menu_order":0,"comment_status":"closed","ping_status":"closed","template":"","meta":{"footnotes":""},"class_list":["post-2070","page","type-page","status-publish","hentry"],"_links":{"self":[{"href":"https:\/\/lyceemauriac.fr\/index.php\/wp-json\/wp\/v2\/pages\/2070","targetHints":{"allow":["GET"]}}],"collection":[{"href":"https:\/\/lyceemauriac.fr\/index.php\/wp-json\/wp\/v2\/pages"}],"about":[{"href":"https:\/\/lyceemauriac.fr\/index.php\/wp-json\/wp\/v2\/types\/page"}],"author":[{"embeddable":true,"href":"https:\/\/lyceemauriac.fr\/index.php\/wp-json\/wp\/v2\/users\/2"}],"replies":[{"embeddable":true,"href":"https:\/\/lyceemauriac.fr\/index.php\/wp-json\/wp\/v2\/comments?post=2070"}],"version-history":[{"count":1,"href":"https:\/\/lyceemauriac.fr\/index.php\/wp-json\/wp\/v2\/pages\/2070\/revisions"}],"predecessor-version":[{"id":2071,"href":"https:\/\/lyceemauriac.fr\/index.php\/wp-json\/wp\/v2\/pages\/2070\/revisions\/2071"}],"up":[{"embeddable":true,"href":"https:\/\/lyceemauriac.fr\/index.php\/wp-json\/wp\/v2\/pages\/2063"}],"wp:attachment":[{"href":"https:\/\/lyceemauriac.fr\/index.php\/wp-json\/wp\/v2\/media?parent=2070"}],"curies":[{"name":"wp","href":"https:\/\/api.w.org\/{rel}","templated":true}]}}