{"id":53,"date":"2016-12-11T18:36:24","date_gmt":"2016-12-11T17:36:24","guid":{"rendered":"http:\/\/lyceemauriac.fr\/?page_id=53"},"modified":"2024-01-29T11:13:04","modified_gmt":"2024-01-29T10:13:04","slug":"mdl","status":"publish","type":"page","link":"https:\/\/lyceemauriac.fr\/index.php\/vie-du-lycee\/maison-des-lyceens\/mdl\/","title":{"rendered":"Pr\u00e9sentation de la MDL de Mauriac"},"content":{"rendered":"<div class=\"CollapsiblePanelContent\">\n<p><a href=\"http:\/\/www.education.gouv.fr\/cid73323\/maison-des-lyceens.html\" target=\"_blank\" rel=\"noopener\">La MDL (Maison des Lyc\u00e9ens)<\/a> de Mauriac est une association qui dispose d&rsquo;un espace de cr\u00e9ativit\u00e9 au sein du lyc\u00e9e, g\u00e9r\u00e9e directement par les \u00e9l\u00e8ves afin de d\u00e9velopper et soutenir des projets culturels, humanitaires, artistiques et sportifs. C&rsquo;est l\u2019occasion pour les \u00e9l\u00e8ves de s\u2019engager dans des actions citoyennes, de prendre des responsabilit\u00e9s, et de devenir autonomes. Nous travaillons en lien avec le <a href=\"https:\/\/lyceemauriac.fr\/index.php\/presentation-du-cvl\/\" target=\"_blank\" rel=\"noopener\">Conseil de Vie Lyc\u00e9enne (CVL)<\/a>.<\/p>\n<p>Le C.A. (conseil d\u2019administration) de notre association est compos\u00e9 de 8 \u00e9l\u00e8ves adh\u00e9rents (parmi\u00a0 610 au 10 novembre 2021) qui ont \u00e9t\u00e9 \u00e9lus pour diriger la MDL. Ils prennent des d\u00e9cisions sur son fonctionnement lors de leurs r\u00e9unions. Si vous avez un projet \u00e0 nous soumettre, on vous invite \u00e0 nous contacter de vive voix ou par mail (<a href=\"mailto:mdl.mauriac@gmail.com\" target=\"_blank\" rel=\"noopener\">mdl.mauriac@gmail.com<\/a>).<\/p>\n<p>L\u2019Assembl\u00e9e G\u00e9n\u00e9rale (les adh\u00e9rents) a vot\u00e9 le 23\/11\/2023 au Conseil d\u2019Administration 8 nouveaux membres. Par la suite, le bureau fut \u00e9lu par le C.A. :<\/p>\n<\/div>\n<ul>\n<li>Marion Viv\u00e9 de TG4, Pr\u00e9sidente<\/li>\n<li>Thomas Benon de TG3, Vice-Pr\u00e9sidente<\/li>\n<li>Elie Volck de TG7, Tr\u00e9sorier<\/li>\n<\/ul>\n<div class=\"CollapsiblePanelContent\"><img loading=\"lazy\" decoding=\"async\" class=\"alignnone size-large wp-image-10980\" src=\"https:\/\/lyceemauriac.fr\/wp-content\/uploads\/2024\/01\/IMG_20231219_100333-1024x768.jpg\" alt=\"\" width=\"640\" height=\"480\" srcset=\"https:\/\/lyceemauriac.fr\/wp-content\/uploads\/2024\/01\/IMG_20231219_100333-1024x768.jpg 1024w, https:\/\/lyceemauriac.fr\/wp-content\/uploads\/2024\/01\/IMG_20231219_100333-200x150.jpg 200w, https:\/\/lyceemauriac.fr\/wp-content\/uploads\/2024\/01\/IMG_20231219_100333-768x576.jpg 768w, https:\/\/lyceemauriac.fr\/wp-content\/uploads\/2024\/01\/IMG_20231219_100333-1536x1152.jpg 1536w, https:\/\/lyceemauriac.fr\/wp-content\/uploads\/2024\/01\/IMG_20231219_100333-2048x1536.jpg 2048w, https:\/\/lyceemauriac.fr\/wp-content\/uploads\/2024\/01\/IMG_20231219_100333-333x250.jpg 333w\" sizes=\"auto, (max-width: 640px) 100vw, 640px\" \/><\/div>\n<div><\/div>\n<p><iframe loading=\"lazy\" title=\"Teaser de la f\u00eate des Assos (Lyc\u00e9e Fran\u00e7ois Mauriac)\" width=\"640\" height=\"360\" src=\"https:\/\/www.youtube.com\/embed\/QMBNEF30hO0?feature=oembed\" frameborder=\"0\" allow=\"accelerometer; autoplay; clipboard-write; encrypted-media; gyroscope; picture-in-picture; web-share\" referrerpolicy=\"strict-origin-when-cross-origin\" allowfullscreen><\/iframe><\/p>\n<div class=\"CollapsiblePanelContent\">\n<p style=\"text-align: center;\"><strong>Vous pouvez suivre notre actualit\u00e9 sur<\/strong><\/p>\n<p style=\"text-align: center;\"><a href=\"https:\/\/www.facebook.com\/mdlmauriac\/\" target=\"_blank\" rel=\"noopener\"><img loading=\"lazy\" decoding=\"async\" class=\"alignnone wp-image-2801\" src=\"https:\/\/lyceemauriac.fr\/wp-content\/uploads\/2016\/12\/facebook-150x150.png\" alt=\"\" width=\"92\" height=\"92\" srcset=\"https:\/\/lyceemauriac.fr\/wp-content\/uploads\/2016\/12\/facebook-150x150.png 150w, https:\/\/lyceemauriac.fr\/wp-content\/uploads\/2016\/12\/facebook-400x400.png 400w\" sizes=\"auto, (max-width: 92px) 100vw, 92px\" \/><\/a><a href=\"https:\/\/www.instagram.com\/mdlmauriac\/\" target=\"_blank\" rel=\"noopener\"><img loading=\"lazy\" decoding=\"async\" class=\"alignnone wp-image-2800\" src=\"https:\/\/lyceemauriac.fr\/wp-content\/uploads\/2016\/12\/instagram2-150x150.png\" alt=\"\" width=\"94\" height=\"94\" srcset=\"https:\/\/lyceemauriac.fr\/wp-content\/uploads\/2016\/12\/instagram2-150x150.png 150w, https:\/\/lyceemauriac.fr\/wp-content\/uploads\/2016\/12\/instagram2-200x200.png 200w, https:\/\/lyceemauriac.fr\/wp-content\/uploads\/2016\/12\/instagram2-250x250.png 250w, https:\/\/lyceemauriac.fr\/wp-content\/uploads\/2016\/12\/instagram2-400x400.png 400w, https:\/\/lyceemauriac.fr\/wp-content\/uploads\/2016\/12\/instagram2.png 512w\" sizes=\"auto, (max-width: 94px) 100vw, 94px\" \/><\/a><a href=\"https:\/\/twitter.com\/mdlmauriac\" target=\"_blank\" rel=\"noopener\"><img loading=\"lazy\" decoding=\"async\" class=\"alignnone wp-image-2799\" src=\"https:\/\/lyceemauriac.fr\/wp-content\/uploads\/2016\/12\/twitter-150x150.png\" alt=\"\" width=\"95\" height=\"95\" srcset=\"https:\/\/lyceemauriac.fr\/wp-content\/uploads\/2016\/12\/twitter-150x150.png 150w, https:\/\/lyceemauriac.fr\/wp-content\/uploads\/2016\/12\/twitter-200x200.png 200w, https:\/\/lyceemauriac.fr\/wp-content\/uploads\/2016\/12\/twitter.png 225w\" sizes=\"auto, (max-width: 95px) 100vw, 95px\" \/><\/a><\/p>\n<\/div>\n<div class=\"CollapsiblePanelContent\">\n<p class=\"CollapsiblePanelContent\">Nous rappelons que tous les \u00e9l\u00e8ves de l&rsquo;\u00e9tablissement (BTS inclus) et les anciens \u00e9l\u00e8ves de l&rsquo;\u00e9tablissement (jusqu&rsquo;\u00e0 3 ans apr\u00e8s la derni\u00e8re ann\u00e9e effectu\u00e9e au sein du lyc\u00e9e) peuvent rejoindre l\u2019association au cours de l\u2019ann\u00e9e (article 5 des statuts).<\/p>\n<p>La MDL de Mauriac a \u00e9t\u00e9 cr\u00e9\u00e9e le 4 avril 1995. Les <a href=\"https:\/\/lyceemauriac.fr\/wp-content\/uploads\/2018\/06\/Statuts-MDL-01.06.18-sign\u00e9s.pdf\" class=\"mtli_attachment mtli_pdf\" target=\"_blank\" rel=\"noopener\">statuts de l&rsquo;association<\/a> ont par la suite \u00e9tait modifi\u00e9 le 1 juin 2018.<\/p>\n<p>Nous avons instaur\u00e9 une charte du\u00a0<a href=\"https:\/\/lyceemauriac.fr\/wp-content\/uploads\/2021\/11\/Charte-benevole-2021.pdf\" class=\"mtli_attachment mtli_pdf\"> b\u00e9n\u00e9vole <\/a><\/p>\n<p><img loading=\"lazy\" decoding=\"async\" class=\"size-large wp-image-3350 aligncenter\" src=\"https:\/\/lyceemauriac.fr\/wp-content\/uploads\/2018\/02\/20180202_153914-1024x576.jpg\" alt=\"\" width=\"640\" height=\"360\" srcset=\"https:\/\/lyceemauriac.fr\/wp-content\/uploads\/2018\/02\/20180202_153914-1024x576.jpg 1024w, https:\/\/lyceemauriac.fr\/wp-content\/uploads\/2018\/02\/20180202_153914-200x113.jpg 200w, https:\/\/lyceemauriac.fr\/wp-content\/uploads\/2018\/02\/20180202_153914-768x432.jpg 768w, https:\/\/lyceemauriac.fr\/wp-content\/uploads\/2018\/02\/20180202_153914-370x208.jpg 370w\" sizes=\"auto, (max-width: 640px) 100vw, 640px\" \/><\/p>\n<\/div>\n<div class=\"text_exposed_show\">\n<p>La cotisation annuelle de 10 euros permet \u00e0 tous nos membres de:<\/p>\n<p>&#8211; Gagner en autonomie afin d&rsquo;enrichir la vie du lyc\u00e9e (projets, \u00e9v\u00e8nements, etc)<\/p>\n<p>&#8211; Entretenir les salles musique et vid\u00e9o<\/p>\n<p>&#8211; Participer aux ateliers (Slam-Rap, Th\u00e9\u00e2tre&#8230;)<\/p>\n<p>&#8211; Emprunter des jeux de soci\u00e9t\u00e9<\/p>\n<p><img loading=\"lazy\" decoding=\"async\" class=\"size-large wp-image-3349 aligncenter\" src=\"https:\/\/lyceemauriac.fr\/wp-content\/uploads\/2018\/02\/20180202_153654-1024x576.jpg\" alt=\"\" width=\"640\" height=\"360\" srcset=\"https:\/\/lyceemauriac.fr\/wp-content\/uploads\/2018\/02\/20180202_153654-1024x576.jpg 1024w, https:\/\/lyceemauriac.fr\/wp-content\/uploads\/2018\/02\/20180202_153654-200x113.jpg 200w, https:\/\/lyceemauriac.fr\/wp-content\/uploads\/2018\/02\/20180202_153654-768x432.jpg 768w, https:\/\/lyceemauriac.fr\/wp-content\/uploads\/2018\/02\/20180202_153654-370x208.jpg 370w\" sizes=\"auto, (max-width: 640px) 100vw, 640px\" \/><\/p>\n<p>Le budget de la Maison des lyc\u00e9ens est distinct de celui du lyc\u00e9e. Nos recettes proviennent :<\/p>\n<\/div>\n<ul>\n<li>des cotisations des adh\u00e9rents (10 euros)<\/li>\n<li>des b\u00e9n\u00e9fices de la caf\u00e9t\u00e9ria<\/li>\n<li>de la vente des photos de classe du lyc\u00e9e<\/li>\n<li>des dons et subventions<\/li>\n<\/ul>\n<div class=\"text_exposed_show\">\n<p><img loading=\"lazy\" decoding=\"async\" class=\"wp-image-3353 aligncenter\" src=\"https:\/\/lyceemauriac.fr\/wp-content\/uploads\/2018\/02\/123.jpg\" alt=\"\" width=\"291\" height=\"388\" srcset=\"https:\/\/lyceemauriac.fr\/wp-content\/uploads\/2018\/02\/123.jpg 392w, https:\/\/lyceemauriac.fr\/wp-content\/uploads\/2018\/02\/123-150x200.jpg 150w, https:\/\/lyceemauriac.fr\/wp-content\/uploads\/2018\/02\/123-187x250.jpg 187w\" sizes=\"auto, (max-width: 291px) 100vw, 291px\" \/><\/p>\n<\/div>\n<p style=\"text-align: center;\"><span style=\"color: #333399;\"><strong>Horaires d\u2019ouverture de la MDL : <\/strong><\/span><\/p>\n<p style=\"text-align: center;\"><span style=\"color: #333399;\"><strong>Lundi (8h \u2013 17h30) ; Mardi (9h \u2013 17h) ; Mercredi (11h \u2013 15h) ; <\/strong><\/span><\/p>\n<p style=\"text-align: center;\"><span style=\"color: #333399;\"><strong>\u00a0Jeudi (8h30 \u2013 17h) ; Vendredi (8h \u2013 14h)<\/strong><\/span><\/p>\n<p style=\"text-align: center;\">Maison Des Lyc\u00e9ens (MDL)<br \/>\nLyc\u00e9e Fran\u00e7ois Mauriac<img loading=\"lazy\" decoding=\"async\" class=\"alignnone size-full wp-image-706 evspdlzhmeagdwzniwkr opuoljkwjosatjfxsxtl piqanbpwtvvasvetpmce bmkrgebvrojhxlqcpeco zqsumzmtwygdgryfrent zjaneuhvmpjdfbgehurj gowxnktkyeyhyizaodha elwnphwiehdocfojnzus\" style=\"display: none !important;\" src=\"https:\/\/lyceemauriac.fr\/wp-content\/uploads\/2016\/12\/facebook.jpg\" alt=\"\" width=\"400\" height=\"283\" \/><br \/>\n1 rue Henri Dunant<br \/>\n33100 Bordeaux<br \/>\n<a href=\"mailto:mdl.mauriac@gmail.com\" target=\"_blank\" rel=\"noopener\">mdl.mauriac@gmail.com<img loading=\"lazy\" decoding=\"async\" class=\"alignnone size-full wp-image-706 evspdlzhmeagdwzniwkr opuoljkwjosatjfxsxtl piqanbpwtvvasvetpmce bmkrgebvrojhxlqcpeco zqsumzmtwygdgryfrent zjaneuhvmpjdfbgehurj gowxnktkyeyhyizaodha elwnphwiehdocfojnzus\" style=\"display: none !important;\" src=\"https:\/\/lyceemauriac.fr\/wp-content\/uploads\/2016\/12\/facebook.jpg\" alt=\"\" width=\"400\" height=\"283\" \/><\/a><br \/>\n09 52 39 95 68<\/p>\n<p style=\"text-align: center;\">SIRET : 41043457500016<\/p>\n<p style=\"text-align: center;\"><a href=\"https:\/\/www.facebook.com\/mdlmauriac\/\" target=\"_blank\" rel=\"noopener\"><img loading=\"lazy\" decoding=\"async\" class=\"alignnone wp-image-2801\" src=\"https:\/\/lyceemauriac.fr\/wp-content\/uploads\/2016\/12\/facebook-150x150.png\" alt=\"\" width=\"92\" height=\"92\" srcset=\"https:\/\/lyceemauriac.fr\/wp-content\/uploads\/2016\/12\/facebook-150x150.png 150w, https:\/\/lyceemauriac.fr\/wp-content\/uploads\/2016\/12\/facebook-400x400.png 400w\" sizes=\"auto, (max-width: 92px) 100vw, 92px\" \/><\/a><a href=\"https:\/\/www.instagram.com\/mdlmauriac\/\" target=\"_blank\" rel=\"noopener\"><img loading=\"lazy\" decoding=\"async\" class=\"alignnone wp-image-2800\" src=\"https:\/\/lyceemauriac.fr\/wp-content\/uploads\/2016\/12\/instagram2-150x150.png\" alt=\"\" width=\"94\" height=\"94\" srcset=\"https:\/\/lyceemauriac.fr\/wp-content\/uploads\/2016\/12\/instagram2-150x150.png 150w, https:\/\/lyceemauriac.fr\/wp-content\/uploads\/2016\/12\/instagram2-200x200.png 200w, https:\/\/lyceemauriac.fr\/wp-content\/uploads\/2016\/12\/instagram2-250x250.png 250w, https:\/\/lyceemauriac.fr\/wp-content\/uploads\/2016\/12\/instagram2-400x400.png 400w, https:\/\/lyceemauriac.fr\/wp-content\/uploads\/2016\/12\/instagram2.png 512w\" sizes=\"auto, (max-width: 94px) 100vw, 94px\" \/><\/a><a href=\"https:\/\/twitter.com\/mdlmauriac\" target=\"_blank\" rel=\"noopener\"><img loading=\"lazy\" decoding=\"async\" class=\"alignnone wp-image-2799\" src=\"https:\/\/lyceemauriac.fr\/wp-content\/uploads\/2016\/12\/twitter-150x150.png\" alt=\"\" width=\"95\" height=\"95\" srcset=\"https:\/\/lyceemauriac.fr\/wp-content\/uploads\/2016\/12\/twitter-150x150.png 150w, https:\/\/lyceemauriac.fr\/wp-content\/uploads\/2016\/12\/twitter-200x200.png 200w, https:\/\/lyceemauriac.fr\/wp-content\/uploads\/2016\/12\/twitter.png 225w\" sizes=\"auto, (max-width: 95px) 100vw, 95px\" \/><\/a><\/p>\n<p style=\"text-align: left;\"><img loading=\"lazy\" decoding=\"async\" class=\"alignnone size-full wp-image-706 evspdlzhmeagdwzniwkr opuoljkwjosatjfxsxtl piqanbpwtvvasvetpmce bmkrgebvrojhxlqcpeco zqsumzmtwygdgryfrent zjaneuhvmpjdfbgehurj gowxnktkyeyhyizaodha elwnphwiehdocfojnzus\" style=\"display: none !important;\" src=\"https:\/\/lyceemauriac.fr\/wp-content\/uploads\/2016\/12\/facebook.jpg\" alt=\"\" width=\"400\" height=\"283\" \/><\/p>\n<p style=\"text-align: left;\"><img loading=\"lazy\" decoding=\"async\" class=\"alignnone size-full wp-image-706 evspdlzhmeagdwzniwkr opuoljkwjosatjfxsxtl piqanbpwtvvasvetpmce bmkrgebvrojhxlqcpeco zqsumzmtwygdgryfrent zjaneuhvmpjdfbgehurj gowxnktkyeyhyizaodha elwnphwiehdocfojnzus\" style=\"display: none !important;\" src=\"https:\/\/lyceemauriac.fr\/wp-content\/uploads\/2016\/12\/facebook.jpg\" alt=\"\" width=\"400\" height=\"283\" \/><\/p>\n","protected":false},"excerpt":{"rendered":"<p>La MDL (Maison des Lyc\u00e9ens) de Mauriac est une association qui dispose d&rsquo;un espace de cr\u00e9ativit\u00e9 au sein du lyc\u00e9e, g\u00e9r\u00e9e directement par les \u00e9l\u00e8ves afin de d\u00e9velopper et soutenir des projets culturels, humanitaires, artistiques et sportifs. C&rsquo;est l\u2019occasion pour les \u00e9l\u00e8ves de s\u2019engager dans des actions citoyennes, de prendre des responsabilit\u00e9s, et de devenir [&hellip;]<\/p>\n","protected":false},"author":2,"featured_media":0,"parent":1444,"menu_order":0,"comment_status":"closed","ping_status":"closed","template":"","meta":{"footnotes":""},"class_list":["post-53","page","type-page","status-publish","hentry"],"_links":{"self":[{"href":"https:\/\/lyceemauriac.fr\/index.php\/wp-json\/wp\/v2\/pages\/53","targetHints":{"allow":["GET"]}}],"collection":[{"href":"https:\/\/lyceemauriac.fr\/index.php\/wp-json\/wp\/v2\/pages"}],"about":[{"href":"https:\/\/lyceemauriac.fr\/index.php\/wp-json\/wp\/v2\/types\/page"}],"author":[{"embeddable":true,"href":"https:\/\/lyceemauriac.fr\/index.php\/wp-json\/wp\/v2\/users\/2"}],"replies":[{"embeddable":true,"href":"https:\/\/lyceemauriac.fr\/index.php\/wp-json\/wp\/v2\/comments?post=53"}],"version-history":[{"count":62,"href":"https:\/\/lyceemauriac.fr\/index.php\/wp-json\/wp\/v2\/pages\/53\/revisions"}],"predecessor-version":[{"id":10981,"href":"https:\/\/lyceemauriac.fr\/index.php\/wp-json\/wp\/v2\/pages\/53\/revisions\/10981"}],"up":[{"embeddable":true,"href":"https:\/\/lyceemauriac.fr\/index.php\/wp-json\/wp\/v2\/pages\/1444"}],"wp:attachment":[{"href":"https:\/\/lyceemauriac.fr\/index.php\/wp-json\/wp\/v2\/media?parent=53"}],"curies":[{"name":"wp","href":"https:\/\/api.w.org\/{rel}","templated":true}]}}