{"id":80,"date":"2016-12-11T18:59:23","date_gmt":"2016-12-11T17:59:23","guid":{"rendered":"http:\/\/lyceemauriac.fr\/?page_id=80"},"modified":"2026-02-27T09:50:20","modified_gmt":"2026-02-27T08:50:20","slug":"bts-ndrc-2","status":"publish","type":"page","link":"https:\/\/lyceemauriac.fr\/index.php\/formations\/bts-ndrc-2\/","title":{"rendered":"BTS NDRC"},"content":{"rendered":"<h1 style=\"text-align: center;\">Brevet de Technicien Sup\u00e9rieur<\/h1>\n<h1 style=\"text-align: center;\">N\u00e9gociation et Digitalisation de la Relation Client<\/h1>\n<p>Ici, vous trouverez une <strong>pr\u00e9sentation g\u00e9n\u00e9rale de la section<\/strong>.<\/p>\n<p>Pour suivre les <strong>actualit\u00e9s<\/strong> de la section, c&rsquo;est ici : <a href=\"https:\/\/lyceemauriac.fr\/index.php\/category\/pedagogie\/bts_nrc\/\" target=\"_blank\" rel=\"noopener\"><img loading=\"lazy\" decoding=\"async\" class=\"aligncenter wp-image-9237\" src=\"https:\/\/lyceemauriac.fr\/wp-content\/uploads\/2022\/05\/Nuage-de-mots-NDRC-rond-200x186.png\" alt=\"\" width=\"104\" height=\"97\" srcset=\"https:\/\/lyceemauriac.fr\/wp-content\/uploads\/2022\/05\/Nuage-de-mots-NDRC-rond-200x186.png 200w, https:\/\/lyceemauriac.fr\/wp-content\/uploads\/2022\/05\/Nuage-de-mots-NDRC-rond-269x250.png 269w, https:\/\/lyceemauriac.fr\/wp-content\/uploads\/2022\/05\/Nuage-de-mots-NDRC-rond.png 305w\" sizes=\"auto, (max-width: 104px) 100vw, 104px\" \/><\/a><\/p>\n<p>Pour nous suivre sur les <strong>r\u00e9seaux<\/strong>, c&rsquo;est ici : <a href=\"https:\/\/www.instagram.com\/btsndrcmauriacbordeaux\/\" target=\"_blank\" rel=\"noopener\"><img loading=\"lazy\" decoding=\"async\" class=\"aligncenter wp-image-9239\" src=\"https:\/\/lyceemauriac.fr\/wp-content\/uploads\/2022\/05\/insta-200x200.png\" alt=\"\" width=\"71\" height=\"71\" srcset=\"https:\/\/lyceemauriac.fr\/wp-content\/uploads\/2022\/05\/insta-200x200.png 200w, https:\/\/lyceemauriac.fr\/wp-content\/uploads\/2022\/05\/insta-1024x1024.png 1024w, https:\/\/lyceemauriac.fr\/wp-content\/uploads\/2022\/05\/insta-150x150.png 150w, https:\/\/lyceemauriac.fr\/wp-content\/uploads\/2022\/05\/insta-768x768.png 768w, https:\/\/lyceemauriac.fr\/wp-content\/uploads\/2022\/05\/insta-1536x1536.png 1536w, https:\/\/lyceemauriac.fr\/wp-content\/uploads\/2022\/05\/insta.png 2048w, https:\/\/lyceemauriac.fr\/wp-content\/uploads\/2022\/05\/insta-250x250.png 250w, https:\/\/lyceemauriac.fr\/wp-content\/uploads\/2022\/05\/insta-400x400.png 400w\" sizes=\"auto, (max-width: 71px) 100vw, 71px\" \/><\/a> <a href=\"https:\/\/www.linkedin.com\/in\/bts-ndrc-lyc%C3%A9e-mauriac-bordeaux-a8a924167\/\" target=\"_blank\" rel=\"noopener\"><img loading=\"lazy\" decoding=\"async\" class=\"aligncenter wp-image-9240\" src=\"https:\/\/lyceemauriac.fr\/wp-content\/uploads\/2022\/05\/LinkedIn-Symbole-200x113.png\" alt=\"\" width=\"125\" height=\"71\" srcset=\"https:\/\/lyceemauriac.fr\/wp-content\/uploads\/2022\/05\/LinkedIn-Symbole-200x113.png 200w, https:\/\/lyceemauriac.fr\/wp-content\/uploads\/2022\/05\/LinkedIn-Symbole-1024x576.png 1024w, https:\/\/lyceemauriac.fr\/wp-content\/uploads\/2022\/05\/LinkedIn-Symbole-768x432.png 768w, https:\/\/lyceemauriac.fr\/wp-content\/uploads\/2022\/05\/LinkedIn-Symbole-1536x864.png 1536w, https:\/\/lyceemauriac.fr\/wp-content\/uploads\/2022\/05\/LinkedIn-Symbole-2048x1152.png 2048w, https:\/\/lyceemauriac.fr\/wp-content\/uploads\/2022\/05\/LinkedIn-Symbole-370x208.png 370w\" sizes=\"auto, (max-width: 125px) 100vw, 125px\" \/><\/a> <a href=\"https:\/\/www.facebook.com\/BTS-NDRC-Mauriac-Bordeaux-1872024859762041\" target=\"_blank\" rel=\"noopener\"><img loading=\"lazy\" decoding=\"async\" class=\"aligncenter wp-image-9241\" src=\"https:\/\/lyceemauriac.fr\/wp-content\/uploads\/2022\/05\/FB-200x200.png\" alt=\"\" width=\"69\" height=\"69\" srcset=\"https:\/\/lyceemauriac.fr\/wp-content\/uploads\/2022\/05\/FB-200x200.png 200w, https:\/\/lyceemauriac.fr\/wp-content\/uploads\/2022\/05\/FB-1024x1024.png 1024w, https:\/\/lyceemauriac.fr\/wp-content\/uploads\/2022\/05\/FB-150x150.png 150w, https:\/\/lyceemauriac.fr\/wp-content\/uploads\/2022\/05\/FB-768x768.png 768w, https:\/\/lyceemauriac.fr\/wp-content\/uploads\/2022\/05\/FB-250x250.png 250w, https:\/\/lyceemauriac.fr\/wp-content\/uploads\/2022\/05\/FB-400x400.png 400w, https:\/\/lyceemauriac.fr\/wp-content\/uploads\/2022\/05\/FB.png 1365w\" sizes=\"auto, (max-width: 69px) 100vw, 69px\" \/><\/a><\/p>\n<h2><strong>Pr\u00e9sentation vid\u00e9o de la section BTS NDRC :<\/strong><\/h2>\n<div style=\"width: 640px;\" class=\"wp-video\"><!--[if lt IE 9]><script>document.createElement('video');<\/script><![endif]-->\n<video class=\"wp-video-shortcode\" id=\"video-80-1\" width=\"640\" height=\"480\" preload=\"metadata\" controls=\"controls\"><source type=\"video\/mp4\" src=\"https:\/\/lyceemauriac.fr\/wp-content\/uploads\/2023\/12\/Presentation-video-Insta.mp4?_=1\" \/><a href=\"https:\/\/lyceemauriac.fr\/wp-content\/uploads\/2023\/12\/Presentation-video-Insta.mp4\">https:\/\/lyceemauriac.fr\/wp-content\/uploads\/2023\/12\/Presentation-video-Insta.mp4<\/a><\/video><\/div>\n<h2><\/h2>\n<h2><strong>Interview de quelques dipl\u00f4m\u00e9s 2024 :<\/strong><\/h2>\n<div style=\"width: 480px;\" class=\"wp-video\"><video class=\"wp-video-shortcode\" id=\"video-80-2\" width=\"480\" height=\"848\" preload=\"metadata\" controls=\"controls\"><source type=\"video\/mp4\" src=\"https:\/\/lyceemauriac.fr\/wp-content\/uploads\/2024\/11\/15.11.2024-Remise-diplomes-1.mp4?_=2\" \/><a href=\"https:\/\/lyceemauriac.fr\/wp-content\/uploads\/2024\/11\/15.11.2024-Remise-diplomes-1.mp4\">https:\/\/lyceemauriac.fr\/wp-content\/uploads\/2024\/11\/15.11.2024-Remise-diplomes-1.mp4<\/a><\/video><\/div>\n<p>Un grand merci \u00e0 tous pour vos gentils propos et \u00e0 Elisa pour le film et le montage !<\/p>\n<h2><strong>Brochure BTS NDRC :<\/strong><\/h2>\n<iframe loading=\"lazy\" class=\"pdfjs-viewer\" width=\"949px\" height=\"1000px\" src=\"https:\/\/lyceemauriac.fr\/wp-content\/plugins\/pdf-viewer\/stable\/web\/viewer.html?file=https:\/\/lyceemauriac.fr\/wp-content\/uploads\/2022\/02\/brochure_BTS_NDRC.pdf\"><\/iframe> \n","protected":false},"excerpt":{"rendered":"<p>Brevet de Technicien Sup\u00e9rieur N\u00e9gociation et Digitalisation de la Relation Client Ici, vous trouverez une pr\u00e9sentation g\u00e9n\u00e9rale de la section. Pour suivre les actualit\u00e9s de la section, c&rsquo;est ici : Pour nous suivre sur les r\u00e9seaux, c&rsquo;est ici : Pr\u00e9sentation vid\u00e9o de la section BTS NDRC : Interview de quelques dipl\u00f4m\u00e9s 2024 : Un grand [&hellip;]<\/p>\n","protected":false},"author":2,"featured_media":0,"parent":103,"menu_order":0,"comment_status":"closed","ping_status":"closed","template":"","meta":{"footnotes":""},"class_list":["post-80","page","type-page","status-publish","hentry"],"_links":{"self":[{"href":"https:\/\/lyceemauriac.fr\/index.php\/wp-json\/wp\/v2\/pages\/80","targetHints":{"allow":["GET"]}}],"collection":[{"href":"https:\/\/lyceemauriac.fr\/index.php\/wp-json\/wp\/v2\/pages"}],"about":[{"href":"https:\/\/lyceemauriac.fr\/index.php\/wp-json\/wp\/v2\/types\/page"}],"author":[{"embeddable":true,"href":"https:\/\/lyceemauriac.fr\/index.php\/wp-json\/wp\/v2\/users\/2"}],"replies":[{"embeddable":true,"href":"https:\/\/lyceemauriac.fr\/index.php\/wp-json\/wp\/v2\/comments?post=80"}],"version-history":[{"count":97,"href":"https:\/\/lyceemauriac.fr\/index.php\/wp-json\/wp\/v2\/pages\/80\/revisions"}],"predecessor-version":[{"id":12935,"href":"https:\/\/lyceemauriac.fr\/index.php\/wp-json\/wp\/v2\/pages\/80\/revisions\/12935"}],"up":[{"embeddable":true,"href":"https:\/\/lyceemauriac.fr\/index.php\/wp-json\/wp\/v2\/pages\/103"}],"wp:attachment":[{"href":"https:\/\/lyceemauriac.fr\/index.php\/wp-json\/wp\/v2\/media?parent=80"}],"curies":[{"name":"wp","href":"https:\/\/api.w.org\/{rel}","templated":true}]}}