{"id":8665,"date":"2021-12-13T11:50:39","date_gmt":"2021-12-13T10:50:39","guid":{"rendered":"https:\/\/lyceemauriac.fr\/?page_id=8665"},"modified":"2023-11-20T09:03:59","modified_gmt":"2023-11-20T08:03:59","slug":"reglement-interieur","status":"publish","type":"page","link":"https:\/\/lyceemauriac.fr\/index.php\/reglement-interieur\/","title":{"rendered":"R\u00e8glement int\u00e9rieur"},"content":{"rendered":"<p>Vous trouverez ci-dessous <a href=\"https:\/\/lyceemauriac.fr\/wp-content\/uploads\/2023\/11\/RI_MAURIAC_03102023-.pdf\" class=\"mtli_attachment mtli_pdf\">le r\u00e8glement int\u00e9rieur<\/a> en vigueur dans l&rsquo;\u00e9tablissement, valid\u00e9 lors du Conseil d&rsquo;Administration du 03\/10\/2023.<\/p>\n<iframe loading=\"lazy\" class=\"pdfjs-viewer\" width=\"649px\" height=\"800px\" src=\"https:\/\/lyceemauriac.fr\/wp-content\/plugins\/pdf-viewer\/stable\/web\/viewer.html?file=https:\/\/lyceemauriac.fr\/wp-content\/uploads\/2023\/11\/RI_MAURIAC_03102023-.pdf\"><\/iframe> \n","protected":false},"excerpt":{"rendered":"<p>Vous trouverez ci-dessous le r\u00e8glement int\u00e9rieur en vigueur dans l&rsquo;\u00e9tablissement, valid\u00e9 lors du Conseil d&rsquo;Administration du 03\/10\/2023.<\/p>\n","protected":false},"author":2,"featured_media":0,"parent":0,"menu_order":0,"comment_status":"closed","ping_status":"closed","template":"","meta":{"footnotes":""},"class_list":["post-8665","page","type-page","status-publish","hentry"],"_links":{"self":[{"href":"https:\/\/lyceemauriac.fr\/index.php\/wp-json\/wp\/v2\/pages\/8665","targetHints":{"allow":["GET"]}}],"collection":[{"href":"https:\/\/lyceemauriac.fr\/index.php\/wp-json\/wp\/v2\/pages"}],"about":[{"href":"https:\/\/lyceemauriac.fr\/index.php\/wp-json\/wp\/v2\/types\/page"}],"author":[{"embeddable":true,"href":"https:\/\/lyceemauriac.fr\/index.php\/wp-json\/wp\/v2\/users\/2"}],"replies":[{"embeddable":true,"href":"https:\/\/lyceemauriac.fr\/index.php\/wp-json\/wp\/v2\/comments?post=8665"}],"version-history":[{"count":4,"href":"https:\/\/lyceemauriac.fr\/index.php\/wp-json\/wp\/v2\/pages\/8665\/revisions"}],"predecessor-version":[{"id":10740,"href":"https:\/\/lyceemauriac.fr\/index.php\/wp-json\/wp\/v2\/pages\/8665\/revisions\/10740"}],"wp:attachment":[{"href":"https:\/\/lyceemauriac.fr\/index.php\/wp-json\/wp\/v2\/media?parent=8665"}],"curies":[{"name":"wp","href":"https:\/\/api.w.org\/{rel}","templated":true}]}}