{"id":8984,"date":"2022-03-04T14:56:59","date_gmt":"2022-03-04T13:56:59","guid":{"rendered":"https:\/\/lyceemauriac.fr\/?page_id=8984"},"modified":"2026-01-15T14:01:07","modified_gmt":"2026-01-15T13:01:07","slug":"seconde-orientation","status":"publish","type":"page","link":"https:\/\/lyceemauriac.fr\/index.php\/seconde-orientation\/","title":{"rendered":"Seconde : tout savoir sur l&rsquo;orientation"},"content":{"rendered":"<h1>Les guides ONISEP<\/h1>\n<h2>Guide r\u00e9gional \u00abApr\u00e8s la 3\u00e8me\u00bb<\/h2>\n<p>Vous y retrouverez toutes les formations possibles apr\u00e8s le coll\u00e8ge <strong>dans notre r\u00e9gion.<\/strong><\/p>\n<div class=\"_df_book df-lite\" id=\"df_12089\"  _slug=\"12089\" data-title=\"\" wpoptions=\"true\" thumbtype=\"\" ><\/div><script class=\"df-shortcode-script\" nowprocket type=\"application\/javascript\">window.option_df_12089 = {\"outline\":[],\"autoEnableOutline\":\"false\",\"autoEnableThumbnail\":\"false\",\"overwritePDFOutline\":\"false\",\"direction\":\"1\",\"pageSize\":\"0\",\"source\":\"https:\\\/\\\/lyceemauriac.fr\\\/wp-content\\\/uploads\\\/2025\\\/03\\\/Guide-3e_Bordeaux_web-optimise.pdf\",\"wpOptions\":\"true\"}; if(window.DFLIP && window.DFLIP.parseBooks){window.DFLIP.parseBooks();}<\/script>\n<p>&nbsp;<\/p>\n<p>ce guide existe aussi pour la France enti\u00e8re :<\/p>\n<h2>Guide national \u00abApr\u00e8s la 3\u00e8me\u00bb<\/h2>\n<p>Vous y retrouverez toutes les formations possibles apr\u00e8s le coll\u00e8ge.<\/p>\n<div class=\"_df_book df-lite\" id=\"df_12841\"  _slug=\"12841\" data-title=\"\" wpoptions=\"true\" thumbtype=\"\" ><\/div><script class=\"df-shortcode-script\" nowprocket type=\"application\/javascript\">window.option_df_12841 = {\"outline\":[],\"autoEnableOutline\":\"false\",\"autoEnableThumbnail\":\"false\",\"overwritePDFOutline\":\"false\",\"direction\":\"1\",\"pageSize\":\"0\",\"source\":\"https:\\\/\\\/lyceemauriac.fr\\\/wp-content\\\/uploads\\\/2026\\\/01\\\/GUIDE_APRES_LA_3E_RENTREE26_NATIONAL.pdf\",\"wpOptions\":\"true\"}; if(window.DFLIP && window.DFLIP.parseBooks){window.DFLIP.parseBooks();}<\/script>\n","protected":false},"excerpt":{"rendered":"<p>Les guides ONISEP Guide r\u00e9gional \u00abApr\u00e8s la 3\u00e8me\u00bb Vous y retrouverez toutes les formations possibles apr\u00e8s le coll\u00e8ge dans notre r\u00e9gion. &nbsp; ce guide existe aussi pour la France enti\u00e8re : Guide national \u00abApr\u00e8s la 3\u00e8me\u00bb Vous y retrouverez toutes les formations possibles apr\u00e8s le coll\u00e8ge.<\/p>\n","protected":false},"author":2,"featured_media":0,"parent":0,"menu_order":0,"comment_status":"closed","ping_status":"closed","template":"","meta":{"footnotes":""},"class_list":["post-8984","page","type-page","status-publish","hentry"],"_links":{"self":[{"href":"https:\/\/lyceemauriac.fr\/index.php\/wp-json\/wp\/v2\/pages\/8984","targetHints":{"allow":["GET"]}}],"collection":[{"href":"https:\/\/lyceemauriac.fr\/index.php\/wp-json\/wp\/v2\/pages"}],"about":[{"href":"https:\/\/lyceemauriac.fr\/index.php\/wp-json\/wp\/v2\/types\/page"}],"author":[{"embeddable":true,"href":"https:\/\/lyceemauriac.fr\/index.php\/wp-json\/wp\/v2\/users\/2"}],"replies":[{"embeddable":true,"href":"https:\/\/lyceemauriac.fr\/index.php\/wp-json\/wp\/v2\/comments?post=8984"}],"version-history":[{"count":13,"href":"https:\/\/lyceemauriac.fr\/index.php\/wp-json\/wp\/v2\/pages\/8984\/revisions"}],"predecessor-version":[{"id":12844,"href":"https:\/\/lyceemauriac.fr\/index.php\/wp-json\/wp\/v2\/pages\/8984\/revisions\/12844"}],"wp:attachment":[{"href":"https:\/\/lyceemauriac.fr\/index.php\/wp-json\/wp\/v2\/media?parent=8984"}],"curies":[{"name":"wp","href":"https:\/\/api.w.org\/{rel}","templated":true}]}}